(-7 + -14 + -45)?
-64
Calculate -117 + (-33 - -24) + 23 + (-20 - -2).
-121
Evaluate 34 - (-15 - (-15 + 6 - (-3 - 4))).
47
Calculate (-13 - (1 + -6 + 2)) + 25 + -22 - -6.
-1
What is 2999 + -3016 - (-2 + 12 + -2)?
-25
Evaluate -13 - 3 - (194 + -195).
-15
(0 - 7) + 1 - 0 - (48 - 42)
-12
-57 + (1 - -89) - -23
56
Calculate -64 + (158 - (28 + 60)).
6
What is the value of 17 - (-6 - (13 + -7 + 4))?
33
Evaluate (-30 - (-7 - -8)) + 53.
22
What is -67 + 78 + 5 + -2 + 3 + 20?
37
7 + -18 + 31 + -20 - 23
-23
Calculate (-3 - 1 - -29) + (17 + 5 - 11).
36
What is (-9 + -5 - ((-6 - -20) + -22)) + -57 - -3?
-60
What is (-54 - 4) + -3 + 3 + -3 + (8458 - 8469)?
-72
What is the value of 13 + (51 - 61 - -31)?
34
301 - 303 - (14 - -3)
-19
Calculate (71 - 83) + 3 - (0 - -67) - 1.
-77
Calculate 128 + -153 + (-6 - (19 + -2)).
-48
What is -48 - (-54 + (27 - 14))?
-7
-2 + -2 + 4 + 9 + (11 + -15 - -4)
9
What is 8 + 2 + -1 - (-20 + (33 - (24 + -21)))?
-1
Calculate (260 - 275) + (28 - -1) + 3.
17
What is -2 - -2 - 1 - -68 - (78 + -64)?
53
What is the value of 25 + (-33 - -21 - -24 - -1)?
38
Calculate (-91 - -1 - -1) + (-61 - -28 - -43).
-79
Calculate 37 + 0 + -25 - 42.
-30
Evaluate (-280 - -307) + (-79 - -2).
-50
-8877 - -8861 - ((1 - 0) + 19)
-36
-107 + 67 + 29 - 64
-75
Evaluate -52 - (-140 - (-82 - -54)).
60
Evaluate -9 - (9 - (1 + -4 + (-186 - -199))).
-8
What is the value of -41 + -1 + (594 - 582)?
-30
(-10 - -1) + 32 + -6 + (-46 + 35 - 115)
-109
Evaluate (51 - 5) + -7 + 269 + -286.
22
What is the value of 8 + 6 + -2 - (13 + (-1 - -70) + 8)?
-78
What is 5 + (-2 - (-9 + 5)) + -2 - -34?
39
1 + 8 + (-2 - -15) + -32 + 10
0
Evaluate 10 - (-8 + -1 - (-23 + 65 + -40)).
21
(-12246 - -12266) + (-1 - (0 + 28))
-9
What is the value of -90 - -62 - ((3 - -45) + -2)?
-74
What is -90 + -38 + (-37 - -82)?
-83
Evaluate 10 + -51 - -50 - (66 - (-4 + 1)).
-60
What is the value of -127 - -100 - (156 - 89)?
-94
What is the value of -11638 - -11417 - (1 + -136)?
-86
What is 20 + (2 - (162 - (-23 + 37 + 3)))?
-123
What is 84 - (24 + 10 + -43 + 25)?
68
Evaluate -33 + (1 - 3) + -21 + 70 + -46.
-32
What is -15 + 10 - (29 + -25 + -8)?
-1
(2 - 37) + 274 + -240
-1
Evaluate 1 + 36 + (491 - 483) + -16.
29
Evaluate -26 + (9 - -49 - 21).
11
Evaluate -104 + -1 + 125 + -138 + 3 + 3 + 15.
-97
Evaluate 115 + -90 + (-4 - 26) + 3.
-2
Calculate -9 + 55 + -44 - (-1 - (3 - (2 + 69))).
-65
Calculate 5 - -1 - (-16 + 0 + (22 - -17) + -22).
5
Evaluate -10 + (17 - (-5 + 8)) + (14 - (-7 + 3)).
22
What is (33246 - 33250) + (-4 - -2) + (-18 - (0 - -2))?
-26
52 - (-60 + 60 + 22)
30
Calculate (-22 + 10 - (-32 - -10)) + -21 + 24.
13
What is 492 + -449 + (-2 - 8) - (-1 + 5)?
29
Calculate -79 + (70 - (50 + -36)).
-23
Evaluate -102 + (-68 - -98) + 137.
65
What is -5 + -3 + -183 + 185 - -41?
35
What is -13 + 40 + 9 - (-128 - -142)?
22
Calculate -1 - -13 - (-27 - (-28 - (-21 + 15))).
17
What is the value of 117 + 35 + -77 + -8 + -17 + 0?
50
Evaluate -12 + (16 + 4 - (54 - -21)).
-67
Evaluate -236 + 291 - (57 + -6).
4
What is (-25 + 32 - 55) + 76?
28
Evaluate 22 - ((42 - 70) + 13).
37
What is the value of (-44 - (-4 - 0 - -2)) + -113 + 122?
-33
What is the value of 7 + (-5 - 34) + (-3 - 0) + 1?
-34
Evaluate (-1 - 1 - (-37 + 26)) + -7 + -7 + -11.
-16
Evaluate (-93 - (-228 - -119)) + -103.
-87
Calculate (4 - 39) + (4 - (-21 - -12)).
-22
What is the value of 19 + 1 + 2 + -87 + 112 + -33?
14
Calculate -10 - (2 + 4 - (12 - (-14 - -8) - -11)).
13
What is (3 - -22) + -2 - (-3265 + 3334)?
-46
Evaluate 43 + (52 - 106) - (0 + (-1 - 50)).
40
What is the value of -155 + (217 - 75) + (-1 - 5 - (1 - 2))?
-18
Evaluate -440 + 395 + (-25 - -2) - 9.
-77
Calculate 7 - (-5 + (-2 - (2 - 7))) - (155 - 155).
9
(-9 - (2 - 5)) + (-24 - -115) + 0 + 12
97
Calculate 2 + -16 - (-487 - -423).
50
Calculate (14 - (-81 + 104 + -1 + -2)) + (10 - -2).
6
-1 + -15 + 32 + -23 - (1 - 30)
22
What is (-99 - -63 - -37) + 20 + -1?
20
What is the value of 45 + 3 - (12 - (-7 + 18 - 6))?
41
Calculate -42 + 31 + -3 + 0 + -2 + 28.
12
-10 + 6 + 15 + 5 - (1 - -34)
-19
What is the value of -3 - 28 - ((-16 - (4 - 16)) + -1)?
-26
Evaluate (-137 - (56 - 86)) + 4 + 7 + 0.
-96
What is (-172 - -10) + 33 - -93?
-36
What is 64 - (61 - 44) - 54?
-7
What is (3 - 3 - (-1 + 2)) + 38 + -57?
-20
Calculate (-3313 - -3304) + (1 - 0 - -12).
4
What is the value of 337 + -51 - 91 - 83?
112
Evaluate (-2 - 23) + (31 + 23 - 76).
-47
What is the value of (14 + 7 + -10 - 18) + -26?
-33
Evaluate 7 - (0 - -12 - (-5 + 6 - 9)).
-13
Calculate 9 - -31 - 49 - (2 - 0 - 32).
21
What is the value of (34 - 94) + 53 + -5?
-12
Evaluate 0 + -9 + 10 - (-242 - -216).
27
(-194 - -191) + (-7 - 1) - -30
19
What is the value of 0 - (-4 - -5) - (2 + 12 - (166 + -166))?
-15
(-21 + -3 - -27) + (-2 + 3 - -60) + -1
63
Calculate 1 + 12 + 10 + -7 + -2 + 22 + -5.
31
Evaluate 44 + (-10 - (1 + -3) - (-9 - (-28 + 27))).
44
What is 183 - (-29 + 39) - 87?
86
What is -13 + (-11 + 1 - (5 - (-15 + 27))) + -7?
-23
What is the value of 33 + -41 + (-12 - -31) + -42?
-31
What is the value of (46 - 7) + 186 + -225 - ((95 - -2) + -2)?
-95
-29 - -39 - (1 - 24)
33
-12 + -17 + 38 + -7 + 3 + -4
1
(-2493 - -2484) + (-2 - -4) + -22
-29
Evaluate 13 + -27 - (9 + 1 + -182 + 114).
44
Evaluate 8 + -1 + -4 + 7 + 878 + -896.
-8
What is 5 + 1 + -4 + -255 + 270?
17
Evaluate 15 - ((3 - -1) + (-33 - (17 - 69 - -10))).
2
What is the value of 1 + (12 + -8 + (-9 - 0) + -5 - 40)?
-49
What is 162 - (-141 + 128 + 107)?
68
36 + -61 + 8 + 28
11
What is the value of -8 + (109 - (-10 - -19) - (4 + -12))?
100
Evaluate -13 - (-104 + 15 + 118).
-42
What is (-5 + 94 - 45 - (1 - -20)) + 55?
78
What is 65 + 0 + (-24 - -5) + 1?
47
What is 27 - (152 + 157 + -153)?
-129
Calculate -65127 - -65045 - (1 + -1 + -7 - 1).
-74
Evaluate -353 + 384 - (21 + (-7 - -2)).
15
Evaluate -37 + (-15 - (-12 - 22 - -13)).
-31
What is (2 - (-19 - 1)) + 11 + (-46 - (-5 + -22))?
14
(5 - (8 + (1 - 7))) + -7 - (178 + -125)
-57
Calculate -49 - (12 - -88 - 125).
-24
(211 + -234 - (1 - 13)) + 20
9
Evaluate 0 + -11 + (10 + 5 + 18 - (13 - 6)).
15
Calculate (-23 - -27) + (6 - -2 - (46 + 5)).
-39
Evaluate (6065 - 6015) + -1 + 19 + -3.
65
Evaluate -6 + (27 - (-25 - -69)) + 39 + 2 + -9.
9
82 + (2 - 2) + (-6846 - -6813)
49
Evaluate -6 - (-7 + 17 + (16 - 17 - -41)).
-56
What is the value of -24 + 49 + 3 + -27?
1
Calculate (10 - -1) + ((8 + 1 - 3) + 31 - 5).
43
What is the value of 103 + -47 + -36 - 27?
-7
Evaluate (-4 + 5 - 2 - 10) + (-2 - -91).
78
What is the value of -55 + -123 + 122 + (-1 - 0 - (8 - 16))?
-49
150 + -84 + -28 - 34
4
What is the value of 1 - (252 + -242 + (-71 - 1 - 2))?
65
12 - ((1 - 1) + (17 - 36) + -64)
95
What is the value of 6 + (-1 + 1 + 22 - (89 + 68 - 147))?
18
Calculate -4 + -43 + 1 - (0 + -1 - -3).
-48
What is the value of 59 - -40 - (41 + -62)?
120
Evaluate -89 + (-67 - -120) - (72 - 6).
-102
Calculate 3 + 68 - (8 - (-8 + -17 + 14)).
52
What is 1 - -57 - (-18 + -1 - (66 + (2 - 76)))?
69
What is the value of 2 + (5 - 143) + 3 + 238 + -227 - 0?
-122
-2 + (2 - (6 - -18) - -12 - -55)
43
Calculate -1 - ((-45 - -44) + 59).
-59
What is the value of -35 + (-7 - (-31 - -36))?
-47
What is (28 - 1) + -7 + (-10 - 0) - (45 - -6)?
-41
(-143 - -167) + (-2 - 5)
17
What is (-4 - 10 - (214 + -229)) + (0 - -11)?
12
Calculate 6 + (-14 - -17) + 16 + (2 - -65).
92
(-38 - (-51 + 32)) + 20
1
What is the value of (2 - 4 - 60) + 148 + -246 + 79?
-81
What is the value of (99 + -56 - -1) + -48?
-4
Calculate (-629 - -599) + (-2 - -134) - 17.
85
(1 - -1) + -13 - (12 - (-38 - -15 - -39))
-7
What is (-29 - -58) + 34 - 132?
-69
-44 + (-20 - (13 + -19 - 23))
-35
What is -146 + -2 + (-2167 - -2251)?
-64
Calculate (1 - -12 - (16 - 125)) + (37 - 55).
104
Calculate -3 + (-1 + -2 + (-34 - -19) - -9).
-12
What is (-39 - ((16 - 18) + -16)) + -21?
-42
Evaluate -3090 - -3110 - (1 + -8 + 0).
27
17 + -52 + -43 - (3 + 15 - (8 + -2))
-90
Calculate -21 + 1 + 438 + -461.
-43
21 - 47 - 18 - -47
3
Calculate -52 - 22 - (-66 + 8).
-16
What is 9 + 6 + -29 - (16 - 0 - 141)?
111
What is 16 + -1 + -18 + 2 - (-33 + (1 - 5))?
36
Calculate -50 - (-144 + 80) - (1 + 23) - -78.
68
Evaluate (1 - -5) + (-10 - -9) + (-29 - -25).
1
Calculate 5 - (-26 + (5 - (7 + 8)) - -3).
38
Evaluate 41 - 2 - 32 - -2.
9
What is (-7 - (-15 + 1) - (22 + -3)) + 72?
